{"id":372,"date":"2025-06-19T13:18:29","date_gmt":"2025-06-19T10:18:29","guid":{"rendered":"https:\/\/www.lassenoy.fi\/?page_id=372"},"modified":"2025-10-30T11:16:38","modified_gmt":"2025-10-30T09:16:38","slug":"silverstorm","status":"publish","type":"page","link":"https:\/\/www.lassenoy.fi\/","title":{"rendered":"Front Page"},"content":{"rendered":"<div data-colibri-id=\"372-c1\" class=\"style-179 style-local-372-c1 position-relative\">\n  <!---->\n  <div data-colibri-component=\"section\" data-colibri-id=\"372-c2\" id=\"portfolio\" class=\"h-section h-section-global-spacing d-flex align-items-lg-center align-items-md-center align-items-center style-196 style-local-372-c2 position-relative\">\n    <!---->\n    <!---->\n    <div class=\"h-section-grid-container h-section-boxed-container\">\n      <div data-colibri-id=\"372-c31\" class=\"h-row-container gutters-row-lg-2 gutters-row-md-2 gutters-row-2 gutters-row-v-lg-2 gutters-row-v-md-2 gutters-row-v-2 style-219 style-local-372-c31 position-relative\">\n        <!---->\n        <div class=\"h-row justify-content-lg-center justify-content-md-center justify-content-center align-items-lg-stretch align-items-md-stretch align-items-stretch gutters-col-lg-2 gutters-col-md-2 gutters-col-2 gutters-col-v-lg-2 gutters-col-v-md-2 gutters-col-v-2\">\n          <!---->\n          <div class=\"h-column h-column-container d-flex h-col-lg-auto h-col-md-auto h-col-auto style-220-outer style-local-372-c32-outer\">\n            <div data-colibri-id=\"372-c32\" class=\"d-flex h-flex-basis h-column__inner h-px-lg-2 h-px-md-2 h-px-2 v-inner-lg-2 v-inner-md-2 v-inner-2 style-220 style-local-372-c32 position-relative\">\n              <!---->\n              <!---->\n              <div class=\"w-100 h-y-container h-column__content h-column__v-align flex-basis-100 align-self-lg-start align-self-md-start align-self-start\">\n                <!---->\n                <div data-colibri-id=\"372-c33\" class=\"h-global-transition-all h-heading style-221 style-local-372-c33 position-relative h-element\">\n                  <!---->\n                  <div class=\"h-heading__outer style-221 style-local-372-c33\">\n                    <!---->\n                    <!---->\n                    <h2 class=\"\">PUUT\u00d6IT\u00c4 TAI FILOSOFIAA<\/h2>\n                  <\/div>\n                <\/div>\n                <div data-colibri-id=\"372-c34\" class=\"h-lead h-text h-text-component style-222 style-local-372-c34 position-relative h-element\">\n                  <!---->\n                  <!---->\n                  <div class=\"\"><\/div>\n                <\/div>\n              <\/div>\n            <\/div>\n          <\/div>\n        <\/div>\n      <\/div>\n      <div data-colibri-id=\"372-c3\" class=\"h-row-container gutters-row-lg-2 gutters-row-md-2 gutters-row-2 gutters-row-v-lg-2 gutters-row-v-md-2 gutters-row-v-2 style-197 style-local-372-c3 position-relative\">\n        <!---->\n        <div class=\"h-row justify-content-lg-center justify-content-md-center justify-content-center align-items-lg-stretch align-items-md-stretch align-items-stretch gutters-col-lg-2 gutters-col-md-2 gutters-col-2 gutters-col-v-lg-2 gutters-col-v-md-2 gutters-col-v-2\">\n          <!---->\n          <div class=\"h-column h-column-container d-flex h-col-lg-6 h-col-md-6 h-col-12 style-198-outer style-local-372-c4-outer\">\n            <div data-colibri-id=\"372-c4\" class=\"d-flex h-flex-basis h-column__inner h-px-lg-0 h-px-md-0 h-px-0 v-inner-lg-0 v-inner-md-0 v-inner-0 style-198 style-local-372-c4 position-relative\">\n              <!---->\n              <!---->\n              <div class=\"w-100 h-y-container h-column__content h-column__v-align flex-basis-100 align-self-lg-start align-self-md-start align-self-start\">\n                <!---->\n                <div data-colibri-id=\"372-c5\" class=\"h-row-container gutters-row-lg-0 gutters-row-md-0 gutters-row-0 gutters-row-v-lg-0 gutters-row-v-md-0 gutters-row-v-0 style-199 style-local-372-c5 position-relative\">\n                  <!---->\n                  <div class=\"h-row justify-content-lg-center justify-content-md-center justify-content-center align-items-lg-stretch align-items-md-stretch align-items-stretch gutters-col-lg-0 gutters-col-md-0 gutters-col-0 gutters-col-v-lg-0 gutters-col-v-md-0 gutters-col-v-0\">\n                    <!---->\n                    <div class=\"h-column h-column-container d-flex h-col-lg-auto h-col-md-auto h-col-auto style-200-outer style-local-372-c6-outer\">\n                      <div data-colibri-id=\"372-c6\" class=\"d-flex h-flex-basis h-column__inner h-px-lg-0 h-px-md-0 h-px-0 v-inner-lg-0 v-inner-md-0 v-inner-0 style-200 style-local-372-c6 position-relative\">\n                        <!---->\n                        <!---->\n                        <div class=\"w-100 h-y-container h-column__content h-column__v-align flex-basis-100 align-self-lg-start align-self-md-start align-self-start\">\n                          <!---->\n                          <div data-colibri-component=\"content-swap\" data-colibri-id=\"372-c7\" class=\"content-swap style-201 style-local-372-c7 position-relative h-element\">\n                            <!---->\n                            <div class=\"d-flex position-relative border-radius-inherit h-content-swap__overflow\">\n                              <div data-normal=\"\" data-colibri-id=\"372-c8\" class=\"h-content-swap__normal d-flex border-radius-inherit h-ui-empty-state-container hide-animation style-202 style-local-372-c8 position-relative\">\n                                <!---->\n                                <div class=\"w-100 h-y-container\">\n                                  <!---->\n                                <\/div>\n                              <\/div>\n                              <div data-hover=\"\" data-colibri-component=\"link\" data-href=\"\" data-colibri-id=\"372-c9\" class=\"h-content-swap-hover-container animated h-content-swap__hover d-flex border-radius-inherit fadeIn justify-content-lg-center justify-content-md-center justify-content-center style-203 style-local-372-c9 position-relative\"\n                                style=\"display: none;\">\n                                <!---->\n                                <div class=\"w-100 h-y-container align-self-lg-center align-self-md-center align-self-center\">\n                                  <!---->\n                                  <div data-colibri-id=\"372-c10\" class=\"h-x-container style-204 style-local-372-c10 position-relative h-element\">\n                                    <!---->\n                                    <div class=\"h-x-container-inner style-dynamic-372-c10-group style-204-spacing style-local-372-c10-spacing\"><span class=\"h-button__outer style-205-outer style-local-372-c11-outer d-inline-flex h-element\"><a h-use-smooth-scroll=\"true\" href=\"https:\/\/www.lassenoy.fi\/?page_id=33\"  data-colibri-id=\"372-c11\" class=\"d-flex w-100 align-items-center h-button justify-content-lg-center justify-content-md-center justify-content-center style-205 style-local-372-c11 position-relative\"><!----><!----> <span>Lue lis\u00e4\u00e4<\/span><\/a>\n                                      <\/span>\n                                    <\/div>\n                                  <\/div>\n                                <\/div>\n                              <\/div>\n                            <\/div>\n                          <\/div>\n                        <\/div>\n                      <\/div>\n                    <\/div>\n                    <div class=\"h-column h-column-container d-flex h-col-lg-auto h-col-md-auto h-col-auto style-206-outer style-local-372-c12-outer\">\n                      <div data-colibri-id=\"372-c12\" class=\"d-flex h-flex-basis h-column__inner h-px-lg-3 h-px-md-3 h-px-3 v-inner-lg-3 v-inner-md-3 v-inner-3 style-206 style-local-372-c12 position-relative\">\n                        <!---->\n                        <!---->\n                        <div class=\"w-100 h-y-container h-column__content h-column__v-align flex-basis-100 align-self-lg-start align-self-md-start align-self-start\">\n                          <!---->\n                          <div data-colibri-id=\"372-c13\" class=\"h-global-transition-all h-heading style-207 style-local-372-c13 position-relative h-element\">\n                            <!---->\n                            <div class=\"h-heading__outer style-207 style-local-372-c13\">\n                              <!---->\n                              <!---->\n                              <h5 class=\"\">Lassen Taitotalo<\/h5>\n                            <\/div>\n                          <\/div>\n                          <div data-colibri-id=\"372-c14\" class=\"h-text h-text-component style-208 style-local-372-c14 position-relative h-element\">\n                            <!---->\n                            <!---->\n                            <div class=\"\">\n                              <p>Lassen Taitotalossa suunnitellaan, valmistetaan ja korjataan puuesineit\u00e4 sek\u00e4 tarjotaan yksityisopetusta puuk\u00e4sit\u00f6iss\u00e4. <\/p>\n                              <p>Pieness\u00e4 vanhan ajan puusep\u00e4nverstaassa aika tuntuu pys\u00e4htyv\u00e4n, kiire katoaa ja stressi hellitt\u00e4\u00e4.<\/p>\n                              <p>Lahjakortit yksityistunneille ovat suosittuja.<\/p>\n                            <\/div>\n                          <\/div>\n                        <\/div>\n                      <\/div>\n                    <\/div>\n                  <\/div>\n                <\/div>\n              <\/div>\n            <\/div>\n          <\/div>\n          <div class=\"h-column h-column-container d-flex h-col-lg-6 h-col-md-6 h-col-12 style-198-outer style-local-372-c15-outer\">\n            <div data-colibri-id=\"372-c15\" class=\"d-flex h-flex-basis h-column__inner h-px-lg-0 h-px-md-0 h-px-0 v-inner-lg-0 v-inner-md-0 v-inner-0 style-198 style-local-372-c15 position-relative\">\n              <!---->\n              <!---->\n              <div class=\"w-100 h-y-container h-column__content h-column__v-align flex-basis-100 align-self-lg-start align-self-md-start align-self-start\">\n                <!---->\n                <div data-colibri-id=\"372-c16\" class=\"h-row-container gutters-row-lg-0 gutters-row-md-0 gutters-row-0 gutters-row-v-lg-0 gutters-row-v-md-0 gutters-row-v-0 style-199 style-local-372-c16 position-relative\">\n                  <!---->\n                  <div class=\"h-row justify-content-lg-center justify-content-md-center justify-content-center align-items-lg-stretch align-items-md-stretch align-items-stretch gutters-col-lg-0 gutters-col-md-0 gutters-col-0 gutters-col-v-lg-0 gutters-col-v-md-0 gutters-col-v-0\">\n                    <!---->\n                    <div class=\"h-column h-column-container d-flex h-col-lg-auto h-col-md-auto h-col-auto style-200-outer style-local-372-c17-outer\">\n                      <div data-colibri-id=\"372-c17\" class=\"d-flex h-flex-basis h-column__inner h-px-lg-0 h-px-md-0 h-px-0 v-inner-lg-0 v-inner-md-0 v-inner-0 style-200 style-local-372-c17 position-relative\">\n                        <!---->\n                        <!---->\n                        <div class=\"w-100 h-y-container h-column__content h-column__v-align flex-basis-100 align-self-lg-start align-self-md-start align-self-start\">\n                          <!---->\n                          <div data-colibri-component=\"content-swap\" data-colibri-id=\"372-c18\" class=\"content-swap style-209 style-local-372-c18 position-relative h-element\">\n                            <!---->\n                            <div class=\"d-flex position-relative border-radius-inherit h-content-swap__overflow\">\n                              <div data-normal=\"\" data-colibri-id=\"372-c19\" class=\"h-content-swap__normal d-flex border-radius-inherit h-ui-empty-state-container hide-animation style-210 style-local-372-c19 position-relative\">\n                                <!---->\n                                <div class=\"w-100 h-y-container\">\n                                  <!---->\n                                <\/div>\n                              <\/div>\n                              <div data-hover=\"\" data-colibri-component=\"link\" data-href=\"\" data-colibri-id=\"372-c20\" class=\"h-content-swap-hover-container animated h-content-swap__hover d-flex border-radius-inherit fadeIn justify-content-lg-center justify-content-md-center justify-content-center style-211 style-local-372-c20 position-relative\"\n                                style=\"display: none;\">\n                                <!---->\n                                <div class=\"w-100 h-y-container align-self-lg-center align-self-md-center align-self-center\">\n                                  <!---->\n                                  <div data-colibri-id=\"372-c21\" class=\"h-x-container style-204 style-local-372-c21 position-relative h-element\">\n                                    <!---->\n                                    <div class=\"h-x-container-inner style-dynamic-372-c21-group style-204-spacing style-local-372-c21-spacing\"><span class=\"h-button__outer style-205-outer style-local-372-c22-outer d-inline-flex h-element\"><a h-use-smooth-scroll=\"true\" href=\"https:\/\/www.lassenoy.fi\/?page_id=489\"  data-colibri-id=\"372-c22\" class=\"d-flex w-100 align-items-center h-button justify-content-lg-center justify-content-md-center justify-content-center style-205 style-local-372-c22 position-relative\"><!----><!----> <span>Lue lis\u00e4\u00e4<\/span><\/a>\n                                      <\/span>\n                                    <\/div>\n                                  <\/div>\n                                <\/div>\n                              <\/div>\n                            <\/div>\n                          <\/div>\n                        <\/div>\n                      <\/div>\n                    <\/div>\n                    <div class=\"h-column h-column-container d-flex h-col-lg-auto h-col-md-auto h-col-auto style-206-outer style-local-372-c23-outer\">\n                      <div data-colibri-id=\"372-c23\" class=\"d-flex h-flex-basis h-column__inner h-px-lg-3 h-px-md-3 h-px-3 v-inner-lg-3 v-inner-md-3 v-inner-3 style-206 style-local-372-c23 position-relative\">\n                        <!---->\n                        <!---->\n                        <div class=\"w-100 h-y-container h-column__content h-column__v-align flex-basis-auto align-self-lg-start align-self-md-start align-self-start\">\n                          <!---->\n                          <div data-colibri-id=\"372-c24\" class=\"h-global-transition-all h-heading style-207 style-local-372-c24 position-relative h-element\">\n                            <!---->\n                            <div class=\"h-heading__outer style-207 style-local-372-c24\">\n                              <!---->\n                              <!---->\n                              <h5 class=\"\">DenkenLassen<\/h5>\n                            <\/div>\n                          <\/div>\n                          <div data-colibri-id=\"372-c25\" class=\"h-text h-text-component style-208 style-local-372-c25 position-relative h-element\">\n                            <!---->\n                            <!---->\n                            <div class=\"\">\n                              <p>DenkenLassen tarjoaa jutustelua filosofin kanssa. Haluat ehk\u00e4 pys\u00e4hty\u00e4, kysy\u00e4 ja ajatella asioita rauhassa. Oman ja muiden el\u00e4m\u00e4n tutkiskelu on arvokas el\u00e4misen muoto. Filosofin luokse tulevat juttelemaan yht\u00e4 lailla poliitikot,\n                                urheilijat kuin koti\u00e4idit, el\u00e4kel\u00e4iset tai opiskelijat.<\/p>\n                              <p>Tapaamiset ovat ehdottoman luottamuksellisia eik\u00e4 niist\u00e4 j\u00e4\u00e4 mink\u00e4\u00e4nlaisia merkint\u00f6j\u00e4 rekistereihin, joista voi olla haittaa ty\u00f6paikkaa tai vakuutuksia haettaessa.<\/p>\n                            <\/div>\n                          <\/div>\n                        <\/div>\n                      <\/div>\n                    <\/div>\n                  <\/div>\n                <\/div>\n              <\/div>\n            <\/div>\n          <\/div>\n        <\/div>\n      <\/div>\n      <div data-colibri-id=\"372-c26\" class=\"h-row-container gutters-row-lg-2 gutters-row-md-2 gutters-row-0 gutters-row-v-lg-2 gutters-row-v-md-2 gutters-row-v-2 style-215 style-local-372-c26 position-relative\">\n        <!---->\n        <div class=\"h-row justify-content-lg-center justify-content-md-center justify-content-center align-items-lg-stretch align-items-md-stretch align-items-stretch gutters-col-lg-2 gutters-col-md-2 gutters-col-0 gutters-col-v-lg-2 gutters-col-v-md-2 gutters-col-v-2\">\n          <!---->\n          <div class=\"h-column h-column-container d-flex h-col-lg-auto h-col-md-auto h-col-auto style-216-outer style-local-372-c27-outer\">\n            <div data-colibri-id=\"372-c27\" class=\"d-flex h-flex-basis h-column__inner h-px-lg-2 h-px-md-2 h-px-2 v-inner-lg-2 v-inner-md-2 v-inner-2 style-216 style-local-372-c27 position-relative\">\n              <!---->\n              <!---->\n              <div class=\"w-100 h-y-container h-column__content h-column__v-align flex-basis-100 align-self-lg-start align-self-md-start align-self-start\">\n                <!---->\n                <div data-colibri-id=\"372-c28\" class=\"h-x-container style-217 style-local-372-c28 position-relative h-element\">\n                  <!---->\n                  <div class=\"h-x-container-inner style-dynamic-372-c28-group style-217-spacing style-local-372-c28-spacing\"><span class=\"h-button__outer style-218-outer style-local-372-c29-outer d-inline-flex h-element\"><a h-use-smooth-scroll=\"true\" href=\"https:\/\/www.lassenoy.fi\/?page_id=33\"  data-colibri-id=\"372-c29\" class=\"d-flex w-100 align-items-center h-button justify-content-lg-center justify-content-md-center justify-content-center style-218 style-local-372-c29 position-relative\"><!----><!----> <span>Lassen Taitotalo<\/span><\/a>\n                    <\/span><span class=\"h-button__outer style-218-outer style-local-372-c30-outer d-inline-flex h-element\"><a h-use-smooth-scroll=\"true\" href=\"https:\/\/www.lassenoy.fi\/?page_id=489\"  data-colibri-id=\"372-c30\" class=\"d-flex w-100 align-items-center h-button justify-content-lg-center justify-content-md-center justify-content-center style-218 style-local-372-c30 position-relative\"><!----><!----> <span>DenkenLassen<\/span><\/a>\n                    <\/span>\n                  <\/div>\n                <\/div>\n              <\/div>\n            <\/div>\n          <\/div>\n        <\/div>\n      <\/div>\n    <\/div>\n  <\/div>\n  <div data-colibri-component=\"section\" data-colibri-id=\"372-c35\" id=\"about\" class=\"h-section h-section-global-spacing d-flex align-items-lg-center align-items-md-center align-items-center style-238 style-local-372-c35 position-relative\">\n    <!---->\n    <!---->\n    <div class=\"h-section-grid-container h-section-boxed-container\">\n      <!---->\n      <div data-colibri-id=\"372-c36\" class=\"h-row-container gutters-row-lg-0 gutters-row-md-0 gutters-row-0 gutters-row-v-lg-0 gutters-row-v-md-0 gutters-row-v-0 style-239 style-local-372-c36 position-relative\">\n        <!---->\n        <div class=\"h-row justify-content-lg-center justify-content-md-center justify-content-center align-items-lg-stretch align-items-md-stretch align-items-stretch gutters-col-lg-0 gutters-col-md-0 gutters-col-0 gutters-col-v-lg-0 gutters-col-v-md-0 gutters-col-v-0\">\n          <!---->\n          <div class=\"h-column h-column-container d-flex h-col-lg-auto h-col-md-auto h-col-auto style-240-outer style-local-372-c37-outer\">\n            <div data-colibri-id=\"372-c37\" class=\"d-flex h-flex-basis h-column__inner h-px-lg-0 h-px-md-0 h-px-0 v-inner-lg-0 v-inner-md-0 v-inner-0 style-240 style-local-372-c37 position-relative\">\n              <!---->\n              <!---->\n              <div class=\"w-100 h-y-container h-column__content h-column__v-align flex-basis-100 align-self-lg-start align-self-md-start align-self-start\">\n                <!---->\n                <div data-colibri-id=\"372-c38\" class=\"h-global-transition-all h-heading style-242 style-local-372-c38 position-relative h-element\">\n                  <!---->\n                  <div class=\"h-heading__outer style-242 style-local-372-c38\">\n                    <!---->\n                    <!---->\n                    <h3 class=\"\">Sauli Solhagen, oletko puusepp\u00e4 vai filosofi?<\/h3>\n                  <\/div>\n                <\/div>\n                <div data-colibri-id=\"372-c39\" class=\"h-text h-text-component style-243 style-local-372-c39 position-relative h-element\">\n                  <!---->\n                  <!---->\n                  <div class=\"\">\n                    <p>Olen molempia ja pitk\u00e4n ty\u00f6urani my\u00f6t\u00e4 my\u00f6s paljon muuta silt\u00e4 v\u00e4lilt\u00e4.<\/p>\n                    <p>Perehdyin puualaan nuorena vanhempieni yrityksess\u00e4. Nykyisin suunnittelen ja valmistan omassa verstaassani puuesineit\u00e4, korjaan puuhuonekaluja sek\u00e4 annan yksityistunteja. Lis\u00e4ksi opetan puut\u00f6it\u00e4 aikuisryhmille Espoon ty\u00f6v\u00e4enopistossa.\n                      K\u00e4sill\u00e4 tekeminen on t\u00e4rke\u00e4 osa ihmisen kokonaishyvinvointia.<\/p>\n                    <p>Kiinnostuin filosofiasta kouluaikana, jolloin suosittu ajanviete ik\u00e4isteni keskuudessa oli poliittinen ja filosofinen v\u00e4ittely. Valmistuin yliopistosta filosofia p\u00e4\u00e4aineena ja hankin ensimm\u00e4isten suomalaisten joukossa filosofipraktikon\n                      p\u00e4tevyyden. Olen pyrkinyt Sokrateen oppien mukaan tutkimaan el\u00e4m\u00e4\u00e4 mahdollisimman laajasti ja haluan kannustaa muita tekem\u00e4\u00e4n samoin.&nbsp;<\/p>\n                  <\/div>\n                <\/div>\n              <\/div>\n            <\/div>\n          <\/div>\n          <div class=\"h-column h-column-container d-flex h-col-lg h-col-md-auto h-col-auto style-244-outer style-local-372-c40-outer\">\n            <div data-colibri-id=\"372-c40\" class=\"d-flex h-flex-basis h-column__inner h-ui-empty-state-container h-px-lg-2 h-px-md-2 h-px-2 v-inner-lg-2 v-inner-md-2 v-inner-2 style-244 style-local-372-c40 position-relative\">\n              <!---->\n              <!---->\n              <div class=\"w-100 h-y-container h-column__content h-column__v-align flex-basis-100\">\n                <!---->\n              <\/div>\n            <\/div>\n          <\/div>\n        <\/div>\n      <\/div>\n    <\/div>\n  <\/div>\n  <div data-colibri-component=\"section\" data-colibri-id=\"372-c41\" id=\"custom-2\" class=\"h-section h-section-global-spacing d-flex align-items-lg-center align-items-md-center align-items-center style-292 style-local-372-c41 position-relative\">\n    <!---->\n    <!---->\n    <div class=\"h-section-grid-container h-section-boxed-container\">\n      <!---->\n      <div data-colibri-id=\"372-c42\" class=\"h-row-container gutters-row-lg-2 gutters-row-md-2 gutters-row-0 gutters-row-v-lg-2 gutters-row-v-md-2 gutters-row-v-2 style-295 style-local-372-c42 position-relative\">\n        <!---->\n        <div class=\"h-row justify-content-lg-center justify-content-md-center justify-content-center align-items-lg-stretch align-items-md-stretch align-items-stretch gutters-col-lg-2 gutters-col-md-2 gutters-col-0 gutters-col-v-lg-2 gutters-col-v-md-2 gutters-col-v-2\">\n          <!---->\n          <div class=\"h-column h-column-container d-flex h-col-lg-auto h-col-md-auto h-col-auto style-296-outer style-local-372-c43-outer\">\n            <div data-colibri-id=\"372-c43\" class=\"d-flex h-flex-basis h-column__inner h-px-lg-2 h-px-md-2 h-px-2 v-inner-lg-2 v-inner-md-2 v-inner-2 style-296 style-local-372-c43 position-relative\">\n              <!---->\n              <!---->\n              <div class=\"w-100 h-y-container h-column__content h-column__v-align flex-basis-100 align-self-lg-start align-self-md-start align-self-start\">\n                <!---->\n                <div data-colibri-id=\"372-c44\" class=\"h-global-transition-all h-heading style-297 style-local-372-c44 position-relative h-element\">\n                  <!---->\n                  <div class=\"h-heading__outer style-297 style-local-372-c44\">\n                    <!---->\n                    <!---->\n                    <h3 class=\"\">OTA YHTEYTT\u00c4:\n                      <br>0503411003 tai lassenoy@gmail.com<\/h3>\n                  <\/div>\n                <\/div>\n              <\/div>\n            <\/div>\n          <\/div>\n        <\/div>\n      <\/div>\n    <\/div>\n  <\/div>\n<\/div>","protected":false},"excerpt":{"rendered":"<p>PUUT\u00d6IT\u00c4 TAI FILOSOFIAA Lue lis\u00e4\u00e4 Lassen Taitotalo Lassen Taitotalossa suunnitellaan, valmistetaan ja korjataan [&hellip;]<\/p>\n","protected":false},"author":1,"featured_media":0,"parent":0,"menu_order":0,"comment_status":"closed","ping_status":"closed","template":"page-templates\/homepage.php","meta":{"footnotes":""},"class_list":["post-372","page","type-page","status-publish","hentry"],"_links":{"self":[{"href":"https:\/\/www.lassenoy.fi\/index.php?rest_route=\/wp\/v2\/pages\/372","targetHints":{"allow":["GET"]}}],"collection":[{"href":"https:\/\/www.lassenoy.fi\/index.php?rest_route=\/wp\/v2\/pages"}],"about":[{"href":"https:\/\/www.lassenoy.fi\/index.php?rest_route=\/wp\/v2\/types\/page"}],"author":[{"embeddable":true,"href":"https:\/\/www.lassenoy.fi\/index.php?rest_route=\/wp\/v2\/users\/1"}],"replies":[{"embeddable":true,"href":"https:\/\/www.lassenoy.fi\/index.php?rest_route=%2Fwp%2Fv2%2Fcomments&post=372"}],"version-history":[{"count":11,"href":"https:\/\/www.lassenoy.fi\/index.php?rest_route=\/wp\/v2\/pages\/372\/revisions"}],"predecessor-version":[{"id":701,"href":"https:\/\/www.lassenoy.fi\/index.php?rest_route=\/wp\/v2\/pages\/372\/revisions\/701"}],"wp:attachment":[{"href":"https:\/\/www.lassenoy.fi\/index.php?rest_route=%2Fwp%2Fv2%2Fmedia&parent=372"}],"curies":[{"name":"wp","href":"https:\/\/api.w.org\/{rel}","templated":true}]}}